 26. Let c be w(n). Calculate the highest common divisor of c and m.
10
Let h be (-166)/1328 - (-561)/8. Let d(u) = u**2 + 5*u - 4. Let n be d(-7). Calculate the highest common divisor of h and n.
10
Let f be (-4)/(-5)*20/8. Suppose 12 = -f*m + 3*m. Calculate the greatest common factor of 96 and m.
12
Let z be (-21)/(-35) - (-23)/(-5). Let b be ((-252)/45)/(z/50). Suppose 0 = n - 3*u - 69, n = -2*u + 4*u + b. Calculate the highest common factor of 18 and n.
18
Let m(p) be the second derivative of -p**5/20 + 2*p**4/3 + p**3/2 + 3*p**2 - 16*p. Let s be m(8). What is the greatest common divisor of 12 and s?
6
Let g(u) = 3*u**3 + 13*u**2 - 2*u + 2. Let y be g(-3). What is the highest common factor of 8 and y?
4
Let n be 3/4*(2 - 6). Let f be n*(0 + -2) + (-43 - -39). Calculate the greatest common factor of 8 and f.
2
Let f be 56/49 + (-6560)/(-140). What is the highest common factor of 15 and f?
3
Let o = -722 + 1018. What is the greatest common divisor of o and 48?
8
Suppose 0 = -v - v + 14. Let b be 13 + -2*2/(-6 + 2). What is the highest common factor of b and v?
7
Let k(z) = -z**2 - 8*z. Let q be k(-8). Suppose -3*m + m + 154 = q. Let j = -19 + 30. Calculate the highest common factor of j and m.
11
Let u(w) = -w**2 + 3*w - 279. Let n be u(0). Let j = n + 479. Calculate the highest common divisor of j and 80.
40
Suppose 0 = -26*h + 29*h - 6. Suppose -20 = -4*o, -p - h*p = -2*o - 17. What is the greatest common factor of 1 and p?
1
Let l(u) = 4*u + 17. Let h be l(-4). Let z be (-8 + 112)/((-3 + h)/(-4)). What is the highest common divisor of z and 26?
26
Let m = -13 - -18. Let q be 3/2 - 44/8. Let d be (315/14)/((-2)/q). What is the greatest common divisor of d and m?
5
Suppose -10 + 18 = -4*s. Let h be s/3*(-2 - 1). What is the greatest common factor of 10 and h?
2
Suppose 2*a = y + 12, -2*a = -5*y + 2*y - 4. Let n be -15*(-14)/(-63)*6*-1. What is the highest common divisor of a and n?
4
Suppose 0 = -16*g - 16*g + 640. Calculate the highest common factor of 1580 and g.
20
Let x be (75*2)/(26 - 24). What is the highest common divisor of 195 and x?
15
Suppose 0 = -3*z + 5 + 4. Suppose z*o - 7*o + 48 = 0. Calculate the highest common factor of 4 and o.
4
Let d be (-14)/(-28)*(-2 + 4). What is the greatest common divisor of d and 1?
1
Suppose 0 = 2*r - 0*r + 6. Let b(u) = -u**3 + 2*u**2 + 5*u - 1. Let k be b(r). Let j = -15 + k. Calculate the greatest common divisor of j and 14.
14
Let j = 53 - 47. Suppose j*x = -5 + 203. Let o(s) = -s**3 + 8*s**2 - 6*s - 3. Let p be o(6). Calculate the highest common divisor of x and p.
33
Let y be ((-4)/3)/((-6)/(-9)) - -192. Calculate the greatest common factor of y and 30.
10
Let k be ((-48)/15)/((-4)/30). Suppose -4*p - 5*y + 0 = -1031, -4*p + 1066 = -2*y. Calculate the greatest common divisor of p and k.
24
Let v(w) = w**3 + 6*w**2 - w + 6. Let f be v(-6). Suppose 0 = 3*l + 5*i - 119, 3*i + 101 + 154 = 5*l. What is the highest common factor of f and l?
12
Let u = -847 - -1119. Calculate the highest common divisor of 16 and u.
16
Let r(k) = 20*k**2 + 6*k - 26. Let x be r(-4). What is the greatest common divisor of x and 60?
30
Suppose -28*v + 20676 = -22360. Calculate the highest common divisor of 53 and v.
53
Let r be 2 - (4 - (70 + 2)). What is the greatest common factor of r and 20?
10
Let g = 8 - -16. Let z = g + -17. Calculate the greatest common divisor of 35 and z.
7
Let b(u) = 8*u + 142. Let q be b(-11). What is the highest common factor of q and 24?
6
Let n = 2 - -5. Suppose 585 + 185 = 10*s. What is the greatest common divisor of s and n?
7
Suppose -3438 + 160 = -5*o - 3*b, -3*o = -3*b - 1986. What is the highest common divisor of 42 and o?
14
Let n = 1 - -13. Let m = -515 + 536. Calculate the greatest common divisor of n and m.
7
Let h(b) = -3*b - 12. Let a be h(-4). Let t be 17 + a*5/10. Calculate the greatest common divisor of t and 119.
17
Suppose 4*d + 6 = 7*d. Suppose -d*l = -l. Let q be 6 - (-2 + (1 - l)). Calculate the greatest common divisor of 28 and q.
7
Let m be 24*(-5 + 3) + 4. Let l be (15/(-12))/5*m. Calculate the highest common factor of 121 and l.
11
Let p(l) = -l**2 + 6*l - 16. Let r be p(6). Let n be 12/(4 - (-52)/r). What is the highest common divisor of n and 24?
8
Suppose -3*i + 8 = i + 2*n, i = -n. Suppose -5*f = 5*s + 5, 4*s = f + 6 - 5. Let m = f - -17. Calculate the highest common factor of m and i.
4
Let f = 20 - 9. Let q be ((-2)/(-8))/(16/(-448)) - -51. What is the greatest common factor of f and q?
11
Let s be -5*(12 + 138/(-10)). Suppose -5*h + l = -87, -h + l - 3*l = -24. Calculate the greatest common divisor of h and s.
9
Let v be (3/(-1))/((-6)/12). Suppose -94 + v = -n. Suppose 5*c + s = -3*s + 59, -2*c = -s - 21. What is the greatest common factor of c and n?
11
Let r = -31 + 28. Let n = r + 10. What is the highest common divisor of n and 63?
7
Suppose -6 = -4*f - 3*k + 7, -4*f + 4*k = -48. What is the highest common factor of 91 and f?
7
Suppose 37 - 380 = 3*t - 4*y, -2*t - 229 = -3*y. Let a = t - -127. What is the highest common divisor of a and 126?
14
Let a(m) = m**2 - 9*m + 11. Let o be a(7). Let r be o/9 + 391/3. Let z = 46 - 20. What is the greatest common divisor of r and z?
26
Suppose 0 = 48*w - 22*w - 3120. What is the greatest common factor of w and 75?
15
Let f(h) = -h**3 - 34*h**2 - 66*h + 8. Let p be f(-32). Let v = -23 - -41. Suppose 4*d = 2*d + v. What is the highest common divisor of d and p?
9
Suppose -o + 308*y = 311*y - 64, 64 = o + 4*y. Suppose 5*s + 2 - 42 = 0. What is the highest common factor of s and o?
8
Suppose 13 = 2*i + 7. Let h be (-21)/7*(-7)/i. Suppose -3*q - 2*p + 61 = -h*p, -7 = -q - p. Calculate the greatest common divisor of q and 60.
12
Suppose v = -0*b + 3*b - 87, -261 = 3*v + 2*b. Let u = v + 189. Calculate the greatest common divisor of u and 34.
34
Let d be (-335321)/(-42) + 1/18*3. Let x be d/56 - 6/(-14). Let k = 4 - -9. What is the highest common factor of x and k?
13
Let r = -466 + 478. Suppose -6*y + 438 = -2*y - 2*v, 2*v = -5*y + 534. Calculate the greatest common factor of r and y.
12
Suppose g = -5*l - 23, -2*l - 10 + 2 = g. Suppose -5*c - 5*x + 146 = -2*c, c - 34 = g*x. Calculate the highest common factor of c and 63.
21
Suppose 2*f + 8 = 0, 3*p - 3*f + 1 = 16. Calculate the highest common factor of 127 and p.
1
Let j = -1617 + 2289. What is the highest common divisor of j and 252?
84
Let j(i) = i**2 + 2*i + 4. Let m be j(4). Let o(w) = -w**3 - w**2 - 9*w - 10. Let d = 80 - 86. Let g be o(d). Calculate the greatest common factor of m and g.
28
Let a = -80 - -107. What is the greatest common divisor of 36 and a?
9
Suppose -3*r + 847 = 2*f + 3*f, f = r - 277. Calculate the greatest common factor of 124 and r.
31
Suppose 0 = -2*z - 2 - 0. Let f be (-2 + z)*20/(-6). Let i be 278/4 - (-4)/8. Calculate the greatest common divisor of i and f.
10
Suppose 2*u + 2*d = 218, 24 - 4 = 4*d. Suppose 22*f - 52*f + 780 = 0. Calculate the highest common factor of u and f.
26
Let l be 2/(-14) - (-183560)/728. What is the highest common divisor of 567 and l?
63
Let o(a) = a - 9. Let u be o(6). Let r = 27 - u. Calculate the highest common divisor of r and 15.
15
Let v = -3 + 5. Let n(m) = -m**3 + 7*m**2 + 71*m + 99. Let i be n(13). What is the highest common divisor of v and i?
2
Suppose 2*t - 2*p - 112 = 2*p, -t + 68 = -5*p. What is the greatest common factor of 9 and t?
3
Let s(y) = -y**2 - 7*y - 6*y**2 - y**3 + 1 - y**3. Let q be s(-6). Suppose -449 = -4*i + q. What is the greatest common factor of 24 and i?
24
Let j be (0 - -3) + (-7 - -6). Let a be ((-48)/(-36))/(j + 94/(-48)). What is the greatest common divisor of 80 and a?
16
Suppose 0 = 20*d - 22*d + 8. Suppose -2*w + 4*c = -3*w + 16, -d*w = 2*c - 64. Let u be (4/6)/(w/840). Calculate the highest common divisor of u and 14.
7
Let f = -28 - -41. Suppose -f = 2*h - 43. Calculate the highest common factor of 15 and h.
15
Suppose 177 = 3*k - 12. Suppose -25 = -4*y + k. Let s(r) = 15*r + 78. Let l be s(-3). Calculate the highest common factor of l and y.
11
Let m = -46 - -66. Suppose 0*i - 4*i = -z + 72, 2*z + 2*i - 114 = 0. What is the greatest common factor of m and z?
20
Let u = 174 - 30. Suppose 0 = -2*q + 2*z - 3*z + u, 3*q - 202 = 2*z. What is the highest common divisor o